{"id":87,"date":"2016-12-19T22:26:34","date_gmt":"2016-12-19T22:26:34","guid":{"rendered":"http:\/\/agroavante.com\/avante\/?page_id=87"},"modified":"2016-12-19T22:26:34","modified_gmt":"2016-12-19T22:26:34","slug":"quienes-somos","status":"publish","type":"page","link":"https:\/\/agroavante.com\/avante\/quienes-somos\/","title":{"rendered":"Quienes somos"},"content":{"rendered":"<h2>Avante Agricola<\/h2>\n<p class=\"lead\">Fundada en 1958 es Fabricante de las marcas Guadalajara\u00ae,Rendidor\u00ae y Maicera\u00ae. Nuestro compromiso es y ser\u00e1 siempre con el campo mexicano, ofreciendo equipos con la m\u00e1s alta calidad, durabilidad y eficiencia.<\/p>\n<h4>Misi\u00f3n<\/h4>\n<p>Somos una empresa dedicada a la fabricaci\u00f3n de maquinaria agr\u00edcola comprometida con el campo y con el campesino mexicano.<\/p>\n<h4>Visi\u00f3n<\/h4>\n<p>Empresa lider en el campo agr\u00edcola fabricando maquinaria, inovando y desarrollando equipos con los m\u00e1s exigentes controles de calidad.<\/p>\n<h4>Presencia<\/h4>\n<p>Estamos presentes en gran parte la rep\u00fablica mexicana ofrecemos equipos de alta calidad y rendimiento proveyendo al cliente la maquinaria que se ajuste a sus necesidades.<\/p>\n","protected":false},"excerpt":{"rendered":"<p>Avante Agricola Fundada en 1958 es Fabricante de las marcas Guadalajara\u00ae,Rendidor\u00ae y Maicera\u00ae. Nuestro compromiso es y ser\u00e1 siempre con el campo mexicano, ofreciendo equipos con la m\u00e1s alta calidad, durabilidad y eficiencia. Misi\u00f3n Somos una empresa dedicada a la fabricaci\u00f3n de maquinaria agr\u00edcola comprometida con el campo y con el campesino mexicano. Visi\u00f3n Empresa [&hellip;]<\/p>\n","protected":false},"author":1,"featured_media":0,"parent":0,"menu_order":0,"comment_status":"closed","ping_status":"closed","template":"","meta":{"footnotes":""},"class_list":["post-87","page","type-page","status-publish","hentry","post-preview"],"_links":{"self":[{"href":"https:\/\/agroavante.com\/avante\/wp-json\/wp\/v2\/pages\/87","targetHints":{"allow":["GET"]}}],"collection":[{"href":"https:\/\/agroavante.com\/avante\/wp-json\/wp\/v2\/pages"}],"about":[{"href":"https:\/\/agroavante.com\/avante\/wp-json\/wp\/v2\/types\/page"}],"author":[{"embeddable":true,"href":"https:\/\/agroavante.com\/avante\/wp-json\/wp\/v2\/users\/1"}],"replies":[{"embeddable":true,"href":"https:\/\/agroavante.com\/avante\/wp-json\/wp\/v2\/comments?post=87"}],"version-history":[{"count":1,"href":"https:\/\/agroavante.com\/avante\/wp-json\/wp\/v2\/pages\/87\/revisions"}],"predecessor-version":[{"id":88,"href":"https:\/\/agroavante.com\/avante\/wp-json\/wp\/v2\/pages\/87\/revisions\/88"}],"wp:attachment":[{"href":"https:\/\/agroavante.com\/avante\/wp-json\/wp\/v2\/media?parent=87"}],"curies":[{"name":"wp","href":"https:\/\/api.w.org\/{rel}","templated":true}]}}